. What are the prime factors of l?
2, 7
Let g(s) = -7*s**2 + 15*s + 2. Let c(t) = 13*t**2 - 29*t - 4. Let m(a) = -6*c(a) - 11*g(a). What are the prime factors of m(8)?
2, 5
Let v(r) = 6*r**2 + r - 1. Let f be v(1). Suppose 5*l + f = 5*z + 36, -5*l = -2*z - 24. Suppose -4*i - 2 = -a, 4*i - 9 = -l*a + 39. List the prime factors of a.
2, 5
Suppose -1089 = -20*s + 9*s. What are the prime factors of s?
3, 11
Suppose 0 = 3*n - 235 + 37. What are the prime factors of n?
2, 3, 11
Let x(w) = -2*w**2 - 9*w - 3. Let i be x(-6). List the prime factors of 21 + (-7)/(i/(-6)).
19
Suppose -a - 8 = -3, -5*k + 2*a = -195. What are the prime factors of k?
37
Let t = 8 + -2. List the prime factors of t.
2, 3
Let r(v) = -9*v**3 + v**2 - 1. Let x be r(-1). Suppose x = 2*s - 21. List the prime factors of s.
3, 5
Suppose -8*d + 6*d + 214 = 2*h, 0 = 2*h + 6. List the prime factors of d.
2, 5, 11
Let j(f) = f**3 - 6*f**2 + 7*f - 7. Let q be j(5). Suppose h = q + 12. List the prime factors of h.
3, 5
Let l = 2 - 1. Let f = 4 - 4. Suppose f = x - 1 - l. What are the prime factors of x?
2
Suppose i - 2*i = -55. What are the prime factors of i?
5, 11
Let o(a) = -5 + 0 + a**3 + 4 + 4*a**2 + 2*a. Let k be o(-3). Suppose m - 5*v - 9 = 13, k*m - 11 = -v. What are the prime factors of m?
7
Suppose -2*r = r - 141. What are the prime factors of r?
47
Let x(p) = -p. Let v be x(6). List the prime factors of ((-4)/v)/(10/45).
3
Let m = 12 + -23. What are the prime factors of (-10)/55 - 354/m?
2
Let d(c) = c**2 + c + 6. Let r be d(-5). Let n be ((-6)/(-4))/(3/4). Suppose -n*i = -g - g + r, g = 3*i + 23. List the prime factors of g.
2
Let v(k) = k - 11. Let f be v(7). List the prime factors of (-1 + f)*(-13)/5.
13
Let q be (18/5)/(6/20). Suppose 2*y + y = -q. Let f = y + 9. List the prime factors of f.
5
Suppose 0 = w + 5*i - 3, -5*w = -5*i - 34 - 71. Suppose 2*l + 8 - w = -3*j, -2*j - 5 = -l. Suppose j = 3*y - 0 - 9. What are the prime factors of y?
3
Let q = -4 + 3. Let y(k) = -94*k. Let n be y(q). List the prime factors of n/18 + 6/(-27).
5
Suppose -5 + 17 = 3*q. Suppose -2*m + 42 = -0*h + q*h, 4*h - 5*m = 63. What are the prime factors of h?
2, 3
Let s be 99 - (-2 + 4) - 1. Let i = s - 58. Suppose 0 = 4*n - 10 - i. What are the prime factors of n?
2, 3
List the prime factors of 12 + 1 + 6/(-2).
2, 5
Let i(o) be the third derivative of o**6/120 + o**5/20 - 5*o**4/24 - o**2. List the prime factors of i(-4).
2
Let h be -2*(-1 - (-57)/(-6)). List the prime factors of (3 - h/9)*6.
2
Suppose 0 = -4*f + 4*t + 52, f - 3*t = 11 + 12. List the prime factors of f.
2
What are the prime factors of 35 - (2/1 + -3)?
2, 3
List the prime factors of ((-38)/(-4)*-2)/(5/(-10)).
2, 19
Suppose 3*f = -5*l + 395, -3*l + 2*f = -0*f - 218. What are the prime factors of l?
2, 19
Suppose 0 = 4*l + 26 - 634. List the prime factors of l.
2, 19
Let x = 13 - 8. Let b(s) = s**3 + 6*s**2 + 4*s. Let r be b(-5). Suppose r*z = 2*f - 32, -x*z = 4*f + 7 - 41. What are the prime factors of f?
11
Let v be (-68)/20 + (-4)/(-10). What are the prime factors of (-1)/v + (-70)/(-6)?
2, 3
Suppose -4*h + 2*v = -3*h, -5*v = 2*h - 9. Suppose h*f + f = 30. What are the prime factors of 352/20 + 4/f?
2, 3
Suppose f = -3*j + 94, -2*f + j = -j - 204. What are the prime factors of f?
2, 5
Suppose 4*q = -3*a - 16, 0 = 4*q + 3*a + 2*a + 24. What are the prime factors of (-468)/(-65) - q/(-5)?
7
Suppose -4*q - 4*y = -104, -q = -5*q - 3*y + 106. List the prime factors of q.
2, 7
Suppose -26 = 3*g - 107. List the prime factors of g.
3
Let h(u) = 3*u - 2*u - 4*u + 2 - 3*u**2 + 4*u**2. Let c be h(4). Suppose 26 - c = 2*r. List the prime factors of r.
2, 5
Suppose 5*t - 755 = 5*j, 2*t + 145 = 3*t - 3*j. What are the prime factors of t?
2, 7, 11
List the prime factors of 2*(-4)/8 + 71.
2, 5, 7
List the prime factors of 2092/28 - (-6)/21.
3, 5
Let f be (-186)/(-15) - (-6)/(-15). Let k = f + -9. List the prime factors of k.
3
Let x be (0 - 0) + 1/1. List the prime factors of 34*(2/4)/x.
17
Let z(f) = -16*f - 35. List the prime factors of z(-6).
61
List the prime factors of (-1 - -10)*5/45*75.
3, 5
Let y(v) = v**2 + 11*v - 16. List the prime factors of y(10).
2, 97
Let f(r) = r**3 + 5*r**2 - r - 2. Let m be f(-5). Let v = 51 - 24. Suppose -9 - v = -m*q. List the prime factors of q.
2, 3
Suppose -89 = -5*t - s, -3*s = t - 5 - 10. Let c = t - 7. What are the prime factors of c?
11
Let c be (-4)/(-6) + 111/9. Let i be 17/(-2*(-3)/6). Suppose -c - 34 = -3*t - 4*w, 0 = -3*t + 2*w + i. What are the prime factors of t?
3
List the prime factors of (-3381)/(-84) + ((-7)/(-4) - 2).
2, 5
Suppose -157 = -5*f + 2*i, 6*f - f + 3*i = 177. List the prime factors of f.
3, 11
Let a = -160 - -354. List the prime factors of a.
2, 97
Let u(a) = a**3 + 12*a**2 - 3*a + 11. What are the prime factors of u(-12)?
47
Suppose -4*w + 2*f - 4 = 0, 0*f + 1 = -w - 2*f. Let u(o) = -14*o - 1. What are the prime factors of u(w)?
13
Let x(t) = -3*t - 1. Let q be x(-5). Let r = q - -5. List the prime factors of r.
19
Suppose 0*z - 3*t = -3*z + 912, 3*z = -2*t + 922. List the prime factors of z.
2, 3, 17
Let j(a) = 11*a - 3. Let z be j(5). Let x = z + -32. Let i = 30 - x. What are the prime factors of i?
2, 5
Suppose -4*g + 18 = -2*g. Let m be (0 + 12)*24/g. Suppose -x - 3 = -5, m = 4*w + 4*x. List the prime factors of w.
2, 3
Let h(l) = l**3 + 3*l**2 - 1. Let m be h(2). Suppose 3*s - 91 + m = 0. Suppose 0*a = 2*a - s. What are the prime factors of a?
2, 3
Suppose 0 = 2*i + 2*y - 18, -3*i - 12 + 42 = 4*y. What are the prime factors of 15/i + (-3)/6?
2
List the prime factors of ((-24)/18 - -4)/((-2)/(-69)).
2, 23
Suppose -115 = -0*d - 5*d - 2*p, -3*p = 5*d - 120. Let y = d + -4. What are the prime factors of y?
17
Let v(f) = -f**3 - 2*f**2 + f + 2. Let t be v(-2). Suppose -54 = -3*c - t*c. List the prime factors of c.
2, 3
Suppose -2*n - 5*j = n - 6, -2*n = -2*j - 20. Suppose 4*m - n - 1 = 0. What are the prime factors of m?
2
Suppose 0 = m + 3*m + 2*v - 2, -3*v - 30 = -5*m. Let c be (m/(-4))/((-4)/32). Suppose -2*h - 3*w + 19 = 0, -h + c = -w - 11. List the prime factors of h.
2, 7
Let m = -5 - -1. Suppose z = 3, 26 = 5*y + 3*z - 13. Let x = m + y. What are the prime factors of x?
2
Suppose -66 = -2*t + 26. List the prime factors of t.
2, 23
Suppose -6*n + 889 = n. What are the prime factors of n?
127
Suppose -v + f = 4*f - 35, 2*v = -4*f + 64. What are the prime factors of v?
2, 13
Let t(g) = g**3 - 3*g**2 + 4*g - 3. Let q be t(2). Suppose 5*d - h + q = 2*h, -h - 3 = 0. List the prime factors of d/((3/(-18))/1).
2, 3
Let f(q) = 5*q + 7. Let p(g) = 2*g + 4. Let b(h) = 3*f(h) - 7*p(h). List the prime factors of b(10).
3
Suppose 4*k - 18 = 2*k. Let c be 4/(-18) - (-2)/k. Suppose -6*d + d + 10 = c. What are the prime factors of d?
2
Suppose -5*m = -4*x + 85, m = 5*x - 16 - 64. List the prime factors of x.
3, 5
Let c(z) be the third derivative of 0 + 2*z**2 + 1/24*z**4 + 1/3*z**3 + 0*z. List the prime factors of c(7).
3
Suppose -21*v + 20*v + 39 = 0. List the prime factors of v.
3, 13
Let r(f) = f**3 - 10*f**2 + 10*f + 6. Suppose 0*s - 36 = -4*s. Let o be r(s). Suppose 0 = 3*p - 4*d - 21, 0*p - o = -2*p + 3*d. What are the prime factors of p?
3
Suppose -2*g - 4*s = -7*g + 232, -217 = -5*g - s. What are the prime factors of g?
2, 11
Suppose -8*t = -6*t - 50. List the prime factors of t.
5
Let x be (-6)/15 - 136/10. Let h = 23 + x. List the prime factors of h.
3
Let o(r) = r**2 + r + 2. Suppose 5*b + 19 = 4. List the prime factors of o(b).
2
List the prime factors of (1 - 23)/((-11)/22).
2, 11
Let u(l) = l**3 + 2*l**2 - 5*l - 3. Let c be u(-3). List the prime factors of (c - 0) + -1 + 2.
2
Suppose 3*f + 17 = 2*k, -2*f + 39 + 35 = 4*k. Let p be (-80)/(-12)*(-12)/10. Let x = p + k. List the prime factors of x.
2
List the prime factors of (52/4)/((-27)/(-13) + -2).
13
Let f = 155 - 54. Let m = f + -52. What are the prime factors of m?
7
What are the prime factors of ((-12)/(-14))/(-3) + 18095/49?
3, 41
Suppose -b = -3*b, g = -2*b + 22. Suppose 8 = -m + g. What are the prime factors of m?
2, 7
Let w = 3 + -2. Let u = w + 4. List the prime factors of u.
5
Suppose c = -7 + 70. What are the prime factors of c?
3, 7
Let u(c) = c + 17. Suppose -4*x = -s + 20, 0*s - x + 10 = s. List the prime f